se
Is 2406 a factor of 23908422?
True
Does 177 divide 221746485?
True
Is 11963615 a multiple of 41?
False
Is 29 a factor of 30683021?
False
Does 139 divide 290046930?
False
Is 261661139 a multiple of 139?
False
Is 1465530196 a multiple of 3260?
False
Does 16 divide 72566880?
True
Is 88 a factor of 7119288?
True
Is 5387844054 a multiple of 14181?
True
Does 61 divide 1289120686?
True
Is 5366941 a multiple of 587?
True
Is 995 a factor of 409274721?
False
Is 177842564 a multiple of 753?
False
Is 28 a factor of 29327312?
True
Does 242 divide 579958808?
True
Does 2941 divide 979313394?
False
Is 1105813539 a multiple of 81?
True
Is 64073674 a multiple of 421?
True
Is 33065328 a multiple of 24?
True
Is 48 a factor of 23869313?
False
Is 9936372 a multiple of 2433?
True
Is 10 a factor of 35857310?
True
Does 481 divide 43560803?
True
Is 11496697 a multiple of 86?
False
Is 185 a factor of 34595185?
True
Does 1126 divide 37975982?
False
Is 318984997 a multiple of 11?
False
Does 8 divide 6519104?
True
Does 5 divide 255445400?
True
Is 5 a factor of 47351410?
True
Does 58 divide 244669578?
True
Does 54 divide 25468884?
True
Is 331 a factor of 88096849?
False
Is 1186 a factor of 542739039?
False
Is 46344330 a multiple of 30?
True
Is 18 a factor of 73853586?
True
Is 15 a factor of 12331965?
True
Does 1332 divide 866375424?
True
Is 68 a factor of 14086336?
True
Is 1677 a factor of 279215469?
True
Is 5 a factor of 2393315?
True
Is 64 a factor of 90771459?
False
Does 15 divide 82354770?
True
Is 20681225 a multiple of 87?
False
Does 50 divide 146734763?
False
Is 1187788065 a multiple of 1203?
True
Does 426 divide 60080058?
True
Does 254 divide 107182606?
False
Is 1058682464 a multiple of 28?
True
Does 33 divide 51595677?
False
Is 54557181 a multiple of 66?
False
Does 557 divide 10163361?
False
Is 316222368 a multiple of 336?
True
Is 11981390 a multiple of 565?
True
Does 133 divide 13311940?
False
Is 8725756 a multiple of 237?
False
Is 72 a factor of 60025464?
True
Is 549 a factor of 18292545?
False
Does 23 divide 130203278?
False
Is 117368167 a multiple of 164?
False
Is 42 a factor of 150598770?
True
Is 143062851 a multiple of 4400?
False
Is 111 a factor of 30469589?
False
Does 330 divide 1277598297?
False
Is 6169955 a multiple of 803?
False
Is 13 a factor of 101076656?
False
Is 38 a factor of 52917033?
False
Does 244 divide 31513289?
False
Is 1857652 even?
True
Does 3 divide 1013390067?
True
Is 213683424 a multiple of 607?
True
Is 303344292 a multiple of 116?
True
Is 14082991 a multiple of 15?
False
Is 829 a factor of 171820198?
True
Does 50 divide 293513700?
True
Is 845 a factor of 59764693?
False
Is 7664176 a multiple of 13?
True
Does 149 divide 6411619?
True
Is 73398416 a multiple of 1875?
False
Is 6190353 a multiple of 9?
True
Is 61420324 a multiple of 503?
True
Does 5 divide 4935675?
True
Is 99 a factor of 5316995178?
True
Does 19 divide 3136729?
True
Does 103 divide 513019313?
False
Is 511820 a multiple of 6?
False
Is 15 a factor of 4470165?
True
Is 420697571 a multiple of 2677?
False
Does 8401 divide 189728184?
True
Does 272 divide 146032720?
True
Is 22333971 a multiple of 41?
True
Does 478 divide 164493603?
False
Does 2368 divide 1573938560?
True
Is 454665188 a multiple of 2518?
True
Is 23 a factor of 84568815?
True
Is 97886130 a multiple of 15?
True
Does 2021 divide 34065630?
False
Is 261287884 a multiple of 572?
True
Is 2017 a factor of 110074538?
False
Is 67218029 a multiple of 88?
False
Does 313 divide 4217049?
True
Does 90 divide 1945170?
True
Does 1014 divide 98183592?
True
Is 387436679 a multiple of 7?
True
Is 8716713 a multiple of 122?
False
Is 691 a factor of 3089352513?
True
Is 63601811 a multiple of 14?
False
Is 4215 a factor of 38221620?
True
Is 103 a factor of 52306284?
True
Does 22 divide 986708538?
False
Is 274481970 a multiple of 11?
False
Is 5 a factor of 6486214?
False
Is 72 a factor of 1085196888?
True
Does 282 divide 159867607?
False
Is 194386800 a multiple of 50?
True
Is 3 a factor of 116533275?
True
Is 12 a factor of 574563864?
True
Is 174322044 a multiple of 81?
True
Is 24 a factor of 2502854304?
True
Is 126 a factor of 141925677?
False
Is 498074160 a multiple of 68?
True
Does 26 divide 498994262?
True
Is 166273520 a multiple of 5432?
True
Is 604988861 a multiple of 30?
False
Is 770 a factor of 483006958?
False
Is 6998 a factor of 1543877766?
True
Does 114 divide 30422113?
False
Does 21 divide 46717377?
True
Is 19 a factor of 10934272?
True
Does 491 divide 493283870?
False
Does 100 divide 14967992?
False
Is 21960801 a multiple of 6?
False
Is 11705540 a multiple of 93?
False
Is 528 a factor of 182474834?
False
Is 183236831 a multiple of 16?
False
Is 17761608 a multiple of 208?
False
Is 11316545 a multiple of 6?
False
Is 23 a factor of 365347626?
False
Is 240 a factor of 255175680?
True
Is 615145848 a multiple of 36?
False
Does 416 divide 13401024?
True
Is 6243 a factor of 1096345716?
True
Is 75 a factor of 57025395?
False
Does 94 divide 762635254?
True
Does 1477 divide 5284582?
False
Does 2657 divide 66781038?
True
Is 9 a factor of 567474471?
True
Does 2511 divide 1900461690?
False
Is 3290 a factor of 1742287176?
False
Is 62372622 a multiple of 1767?
False
Is 636777524 a multiple of 92?
False
Does 85 divide 190764163?
False
Is 869 a factor of 59174673?
False
Is 3025 a factor of 462805602?
False
Is 467 a factor of 8191180?
True
Does 709 divide 376473328?
True
Does 2929 divide 524818220?
True
Is 1550 a factor of 20920350?
True
Is 59322004 a multiple of 28?
True
Is 25 a factor of 96924125?
True
Is 214879379 a multiple of 1414?
False
Does 688 divide 103812658?
False
Does 2293 divide 116055609?
True
Does 4 divide 8816967?
False
Is 9202166 a multiple of 12?
False
Is 326811320 a multiple of 110?
True
Is 4127847180 a multiple of 28?
False
Does 3 divide 5496143?
False
Does 504 divide 803306448?
True
Is 24672566 a multiple of 27?
False
Does 18 divide 291472061?
False
Is 7409390 a multiple of 215?
False
Does 54 divide 1842054804?
True
Is 50606870 a multiple of 1220?
False
Does 150 divide 26433033?
False
Does 2816 divide 543953058?
False
Does 17 divide 134076639?
False
Is 409 a factor of 41195590?
False
Is 1006983560 a multiple of 110?
True
Is 6 a factor of 16554149?
False
Is 9351221 a multiple of 7?
False
Is 6 a factor of 540140378?
False
Is 5421 a factor of 1980963409?
False
Is 3 a factor of 81959113?
False
Does 244 divide 6461124515?
False
Does 19 divide 163035618?
True
Is 66 a factor of 1407613548?
True
Is 928 a factor of 35947936?
True
Does 6 divide 77397939?
False
Does 11 divide 1812220615?
False
Is 5 a factor of 1897339?
False
Is 19 a factor of 17328754?
False
Does 988 divide 262852263?
False
Does 5 divide 8081571?
False
Does 285 divide 282409350?
True
Is 326253312 a multiple of 1386?
True
Does 88 divide 4376064?
True
Is 208620811 a multiple of 32?
False
Is 2129 a factor of 1085683165?
False
Is 19817840 a multiple of 1505?
True
Is 100 a factor of 7621969?
False
Does 163 divide 7312558?
False
Does 50 divide 3225912750?
True
Is 21 a factor of 11449416?
False
Is 214428133 a multiple of 263?
False
Is 29 a factor of 1552672064?
True
Does 25 divide 25496400?
True
Is 4 a factor of 42537576?
True
Does 4931 divide 231416761?
True
Is 150591357 a multiple of 45?
False
Is 122 a factor of 9073100?
False
Is 2836784 a multiple of 31?
False
Is 27 a factor of 3999429?
True
Is 12 a factor of 54312278?
False
Is 16934050 a multiple of 14?
True
Does 30 divide 279101246?
False
Does 1288 divide 57510293?
False
Is 7626518 a multiple of 3326?
True
Is 412173121 a multiple of 4?
False
Does 15 divide 219179982?
False
Is 3775708476 a multiple of 148?
False
Is 602560728 a multiple of 54?
True
Is 144518748 a multiple of 1164?
True
Is 155893090 a multiple of 415?
True
Is 25224750 a multiple of 1665?
True
Does 1545 divide 477384915?
True
Is 142367540 a multiple of 140?
True
Does 112 divide 104031406?
False
Is 64446259 a multiple of 303?
False
Is 778 a factor of 44943504?
True
Is 725494496 a multiple of 386?
False
Does 29 divide 31816103?
True
Is 2 a factor of 31954717?
False
Does 85 divide 818382?
False
Does 72 divide 154822392?
True
Is 237126914 a multiple of 2?
True
Is 53 a factor of 205055937?
False
Does 136 divide 350764606?
False
Is 654871084 a multiple of 98?
T